t 85 (base 15) to base 10.
125
Convert 1a (base 15) to base 9.
27
135324 (base 8) to base 12
23818
What is 1024135 (base 6) in base 14?
143d9
48 (base 15) to base 9
75
What is 52223 (base 7) in base 5?
402211
-2333 (base 4) to base 14
-d9
What is 620 (base 14) in base 9?
1577
3340 (base 7) to base 8
2264
Convert -6793 (base 10) to base 13.
-3127
What is -1fb (base 16) in base 14?
-283
10425 (base 10) to base 3
112022010
What is -1829 (base 10) in base 4?
-130211
Convert 1182 (base 10) to base 14.
606
-a76 (base 16) to base 2
-101001110110
Convert 265 (base 14) to base 2.
111100001
Convert 69 (base 15) to base 13.
78
What is 16244 (base 11) in base 12?
11319
90d (base 15) to base 9
2714
30531 (base 8) to base 16
3159
What is -1661 (base 8) in base 10?
-945
-17702 (base 10) to base 15
-53a2
3b8a (base 12) to base 14
2710
-16700 (base 11) to base 7
-125303
What is -305 (base 8) in base 14?
-101
267 (base 16) to base 9
753
3265 (base 7) to base 5
14144
Convert 46378 (base 11) to base 4.
100112312
-bac (base 15) to base 10
-2637
What is -2232303 (base 4) in base 5?
-324222
-14535 (base 8) to base 14
-251b
Convert 2a496 (base 12) to base 6.
1135110
Convert -5452 (base 8) to base 5.
-42413
3100 (base 6) to base 4
22230
Convert -42113 (base 7) to base 4.
-2201231
-10012220020 (base 3) to base 2
-1111011101110100
What is 379 (base 13) in base 5?
4412
What is 252b (base 12) in base 8?
10163
-18c5 (base 13) to base 6
-25102
-2224 (base 6) to base 9
-637
61d1 (base 14) to base 16
41cb
Convert 1 (base 3) to base 5.
1
What is 29562 (base 10) in base 4?
13031322
Convert 1024222 (base 5) to base 16.
441d
Convert -85a9 (base 11) to base 3.
-120121012
86 (base 10) to base 6
222
What is 36c9 (base 15) in base 10?
11664
770 (base 8) to base 14
280
179 (base 13) to base 9
328
Convert 552141 (base 6) to base 9.
68807
24026 (base 12) to base 8
136436
Convert 11013 (base 5) to base 4.
23312
46 (base 14) to base 7
116
544e (base 16) to base 4
11101032
Convert 5a3 (base 12) to base 2.
1101001011
What is 343 (base 7) in base 15?
bd
555 (base 15) to base 9
1578
What is -399 (base 14) in base 15?
-333
What is -19b (base 12) in base 11?
-21a
What is -7c3d (base 14) in base 15?
-6610
322 (base 6) to base 2
1111010
-351 (base 11) to base 15
-1ce
101000111010 (base 2) to base 7
10430
20456 (base 7) to base 15
175e
-12302 (base 5) to base 4
-32320
What is 100001110 (base 2) in base 15?
130
Convert 1 (base 15) to base 10.
1
-3786 (base 9) to base 14
-1064
What is 1aaa (base 13) in base 9?
5464
-987 (base 14) to base 8
-3533
Convert -47 (base 8) to base 10.
-39
bc97 (base 16) to base 4
23302113
1813 (base 11) to base 9
3150
What is -5b93 (base 13) in base 6?
-140004
Convert 17207 (base 8) to base 15.
24b0
Convert 1b30 (base 12) to base 10.
3348
-111010011010000 (base 2) to base 5
-1424104
634 (base 10) to base 5
10014
Convert -31101 (base 4) to base 12.
-5a9
Convert 403 (base 13) to base 2.
1010100111
What is -11200 (base 3) in base 15?
-86
What is 1537 (base 9) in base 10?
1168
Convert -1110102221 (base 3) to base 11.
-1a66a
Convert -123230 (base 4) to base 10.
-1772
What is -3261 (base 12) in base 5?
-134140
Convert 252025 (base 7) to base 15.
dad4
Convert a56b (base 13) to base 12.
11308
Convert 222000 (base 3) to base 16.
2be
-32a8 (base 13) to base 10
-7067
What is 11000111001 (base 2) in base 13?
957
-3323 (base 4) to base 13
-164
663 (base 9) to base 14
2ab
What is -504551 (base 6) in base 16?
-9c13
-5377 (base 13) to base 8
-26506
Convert 314 (base 7) to base 13.
c2
What is -36c (base 13) in base 4?
-21111
What is -240 (base 8) in base 15?
-aa
What is -580 (base 13) in base 8?
-1665
What is 3053 (base 9) in base 8?
4273
Convert 67e8 (base 15) to base 3.
1010020102
What is -222e (base 16) in base 8?
-21056
What is 2016 (base 8) in base 16?
40e
Convert -b41b (base 13) to base 11.
-17757
What is 2306 (base 9) in base 7?
4656
-130 (base 5) to base 9
-44
What is 1021121200 (base 3) in base 2?
110001010010100
What is 24530 (base 8) in base 13?
4a82
Convert 1021022 (base 3) to base 4.
32132
Convert d9 (base 16) to base 9.
261
-353a (base 12) to base 5
-142300
What is -3396 (base 14) in base 3?
-110021120
What is -3742 (base 9) in base 3?
-10211102
46162 (base 7) to base 11
8917
Convert -558 (base 14) to base 4.
-100202
Convert 8571 (base 9) to base 8.
14235
-1121 (base 3) to base 2
-101011
Convert -2211 (base 5) to base 8.
-462
What is 2575 (base 16) in base 11?
7228
What is -30211100 (base 4) in base 13?
-1a5c4
-3b45 (base 15) to base 13
-59c3
What is -1011010111000 (base 2) in base 14?
-2196
-253b (base 12) to base 4
-1001333
What is 103132 (base 4) in base 14?
650
Convert -9 (base 12) to base 16.
-9
Convert 252b2 (base 12) to base 13.
1a003
What is -30002 (base 9) in base 12?
-b485
Convert -28070 (base 10) to base 16.
-6da6
What is -c354 (base 16) in base 3?
-2112121000
-450 (base 9) to base 3
-111200
What is 33031 (base 4) in base 7?
2560
What is 1740 (base 10) in base 16?
6cc
-1100010000 (base 2) to base 9
-1061
Convert 539 (base 10) to base 16.
21b
2355 (base 6) to base 14
2d1
352325 (base 6) to base 13
10a8a
-32436 (base 7) to base 15
-260c
503 (base 6) to base 8
267
166 (base 8) to base 10
118
Convert -110011000 (base 2) to base 10.
-408
What is 131222 (base 5) in base 16?
1443
What is 8508 (base 12) in base 6?
151212
What is 17126 (base 12) in base 11?
22886
Convert -20e (base 16) to base 13.
-316
What is 2244 (base 10) in base 15?
9e9
-63 (base 14) to base 8
-127
What is -42653 (base 10) in base 16?
-a69d
Convert -3042 (base 8) to base 13.
-93a
Convert -1942 (base 13) to base 12.
-2224
-1533 (base 16) to base 8
-12463
What is -150053 (base 6) in base 11?
-a810
What is c73 (base 14) in base 15?
ad8
What is 222202 (base 5) in base 4?
1321322
What is -430 (base 7) in base 9?
-261
-201360 (base 7) to base 6
-422030
What is 7cb (base 15) in base 11?
1366
-115a (base 14) to base 16
-bcc
What is 3b8 (base 13) in base 15?
2dd
Convert 112501 (base 8) to base 15.
b4c4
What is 3a79 (base 13) in base 14?
30a9
What is 20562 (base 7) in base 12?
2b43
What is -12c (base 15) in base 14?
-151
What is 2628 (base 16) in base 6?
113120
24116 (base 11) to base 2
1000011110111000
What is -948 (base 10) in base 8?
-1664
What is -111001101 (base 2) in base 8?
-715
-31421 (base 8) to base 2
-11001100010001
Convert -6205 (base 7) to base 3.
-2222001
What is -1ba6 (base 14) in base 6?
-35210
Convert -9151 (base 10) to base 3.
-110112221
Convert -13864 (base 13) to base 7.
-211444
Convert -4044 (base 6) to base 14.
-47a
433 (base 9) to base 3
111010
Convert 1510 (base 6) to base 4.
12102
-1010 (base 2) to base 15
-a
3d (base 14) to base 7
106
Convert -1345 (base 12) to base 16.
-8a5
What is -13311 (base 4) in base 15?
-236
What is -2baa (base 12) in base 2?
-1010000110010
2331 (base 6) to base 13
340
What is 23731 (base 10) in base 16?
5cb3
What is 46640 (base 10) in base 3?
2100222102
Convert -1388 (base 11) to base 13.
-a79
Convert 8ba4 (base 15) to base 16.
73bd
-23334 (base 7) to base 13
-296a
Convert -628 (base 13) to base 8.
-2030
What is 3242 (base 7) in base 13?
6b0
20211 (base 3) to base 6
504
What is 17270 (base 10) in base 4?
10031312
What is -36224 (base 8) in base 14?
-591a
Convert -ba58 (base 13) to base 5.
-1312210
What is 1121 (base 5) in base 2?
10100001
Convert -30a9 (base 12) to base 16.
-14c1
Convert -211040 (base 5) to base 11.
-5302
Convert 2191 (base 10) to base 6.
14051
What is 3040 (base 6) in base 7?
1650
111000001110111 (base 2) to base 13
10149
Convert -232123 (base 4) to base 12.
-1877
Convert 2377 (base 12) to base 8.
7613
What is 21244 (base 7) in base 14?
1ccb
What is -edd (base 15) in base 16?
-d1e
What is -25424 (base 7) in base 12?
-3a8b
What is c9 (base 16) in base 7?
405
-1436a (base 15) to base 6
-1220244
Convert -130 (base 13) to base 12.
-154
150152 (base 7) to base 4
13003202
What is -1021 (base 7) in base 15?
-18d
Convert -877 (base 14) to base 6.
-11425
What is -110001101 (base 2) in base 10?
-397
-57a (base 15) to base 11
-a28
-2520 (base 8) to base 7
-3652
What is -15384 (base 12) in base 7?
-153124
-93 (base 13) to base 10
-120
What is 10033231 (base 4) in base 8?
41755
What is -139 (base 10) in base 4?
-2023
What is -1189d (base 15) in base 16?